 the prime factors of w(-2).
2, 3, 7
Let o(r) = r**2 + r. Let s be o(-1). Suppose -4*g - 16 = x, s = -2*g - 5*x + 8 + 2. Let n(q) = q**3 + 4*q**2 - 5*q + 3. List the prime factors of n(g).
3
Suppose l + 4*v - 26 = 0, -v - 44 - 2 = -5*l. Suppose 0 = 2*b - 0*b - l. Suppose -3*o - 21 = -3*x, -3*o - 2*o + b = 0. List the prime factors of x.
2
Let o(g) = -g**2 - 15*g - 8. List the prime factors of o(-10).
2, 3, 7
Let r = 3 + -6. List the prime factors of r - (-3)/((-3)/(-22)).
19
Suppose -5*a - 15 = -0. Let j(h) = -4*h - 1. List the prime factors of j(a).
11
Let v = 8 - -5. What are the prime factors of v?
13
List the prime factors of -1*(-32 + 1 + 2).
29
Suppose 5*r - 27 = 4*k, 0 = 2*r - 5*r - 3*k. Suppose 0 = 5*n + q - 52, q = r*n - 25 - 3. Suppose 0*w = -2*w + n. List the prime factors of w.
5
Suppose -p = 3*a + 9, -p - a = 1 - 2. Let w = p - 5. What are the prime factors of 2 - (-5 + -2)*w?
3
Suppose -4 = z - 78. List the prime factors of z.
2, 37
Let c be 1 + (44/1)/(-4). Suppose -4*y + 32 = -2*y. Let b = y + c. List the prime factors of b.
2, 3
Suppose 9*x - 3*x - 804 = 0. What are the prime factors of x?
2, 67
Let o(i) = i**2 - 10*i - 21. List the prime factors of o(-6).
3, 5
Let h = -6 - 6. Let s = 6 + -12. Let p = s - h. What are the prime factors of p?
2, 3
Let m be (7 - 4) + 1*3. Let b = -5 - -6. What are the prime factors of b + m - 3 - -3?
7
Let s(u) = -6*u - 11. Let j(b) = -5*b - 10. Let p(i) = 3*j(i) - 2*s(i). What are the prime factors of p(-6)?
2, 5
Let v(d) = 0 - 10*d - 3 - 3 + 5. List the prime factors of v(-1).
3
Let y(w) be the first derivative of -2*w - 3 + 1/2*w**2. What are the prime factors of y(4)?
2
Let h(x) = -x**3 - 4*x**2 - 1. Let o be h(-4). Let r = o + 8. List the prime factors of r.
7
Suppose 7 = -2*v + 83. List the prime factors of v.
2, 19
Let p(h) = h + 2. Let t(z) = z**2 - 10. Let k be t(0). Let u be 4/(-10) - 64/k. What are the prime factors of p(u)?
2
Suppose b - 2*n + 30 = 3*b, 0 = 3*b + n - 41. List the prime factors of (15 - 0)*(b - 12).
3, 5
Suppose 28 = 2*c - 0*c. List the prime factors of c.
2, 7
Let h(q) = 3*q + 214. What are the prime factors of h(0)?
2, 107
Let b(a) = 3*a**2 + 12*a - 7. What are the prime factors of b(-10)?
173
Let d(s) = s**2 + 12*s - 4. List the prime factors of d(-14).
2, 3
Let c = -5 + 2. Let p(a) = -a**3 - 2*a**2 + a + 1. What are the prime factors of p(c)?
7
Let r = 17 + -33. Let k = 8 + r. Let z = -2 - k. List the prime factors of z.
2, 3
Let x(y) = 15*y**3 - y**2 + 2*y. What are the prime factors of x(2)?
2, 3, 5
Let m = 6 - 6. Let z(d) = -d**3 + d - d**3 + d**3 + d**2 + 2. What are the prime factors of z(m)?
2
Let y = -250 + 383. What are the prime factors of y?
7, 19
Suppose 14 = 2*u + y, -2*y + 10 = -3*u + 4*u. Let p be 2/(-6) + 74/u. Suppose -4*k = 3*m - 22, 4*m + p = 6*k - k. List the prime factors of k.
2
Let p = 37 + -53. Let w be p*1*2/(-1). Suppose -38 = -4*f + 3*h + w, 38 = 3*f + 5*h. List the prime factors of f.
2
Suppose 0 = -0*o - 2*o. Suppose -2*j + 54 = -o. Suppose a - 31 - j = -4*w, 0 = -4*w - 2*a + 56. List the prime factors of w.
3, 5
Suppose -q = 2*r - 13, 3*r - r - q = 3. Suppose -x + 10 = r. What are the prime factors of 70/x + (-2)/3?
11
List the prime factors of -95*(-12)/(2 + 2).
3, 5, 19
Suppose 2*v + t - 32 = -4*t, v - 2*t - 7 = 0. Suppose 0 = -3*l + 26 - v. What are the prime factors of l?
5
Let c = -145 - -312. What are the prime factors of c?
167
Suppose 2 = -3*k - 5*h + 20, -2*k = -2*h - 12. List the prime factors of k.
2, 3
List the prime factors of 748/66 + (-2)/(-3).
2, 3
Let h(g) = -g + 5. Let c(k) = k - 5. Let d(t) = -5*c(t) - 6*h(t). Let l be d(5). Suppose l*i = -4*i + 32. List the prime factors of i.
2
Let b = 33 - 18. Let i = -7 + -2. List the prime factors of ((-3)/i)/(1/b).
5
Let t(y) = -10*y + 2. List the prime factors of t(-5).
2, 13
Let t(w) = w. Let f be t(0). Let k be f*2*3/12. Suppose k*y = -2*y - b + 29, -4*b = -20. What are the prime factors of y?
2, 3
Let d(a) = a**2 - 7. Let c be d(0). Let m(j) be the third derivative of -j**4/12 - j**3/6 + j**2. List the prime factors of m(c).
13
Suppose -2*r + 0*r + 132 = 0. List the prime factors of r.
2, 3, 11
Suppose 2*h + 4*w = 102, 0*h - 5*h + 5*w = -285. What are the prime factors of h?
5, 11
Suppose 0*u - 4*y = u - 14, -2*y + 10 = 2*u. Let r(s) = -4*s + s + u*s + 10. List the prime factors of r(0).
2, 5
Let z(b) = -b**3 + 7*b**2 + b + 5. Let c be z(7). Suppose 8*s - 3*s - 50 = -2*l, 0 = -s + 4*l - 12. What are the prime factors of 147/c - 2/s?
2, 3
Let q(f) = 5*f + 1. Let l be q(5). Let t = l - 16. List the prime factors of t.
2, 5
Let k be (-61)/(-9) + (-10)/(-45). Suppose 0 = -t - 4*i - 0*i - k, t + 5*i + 12 = 0. What are the prime factors of t?
13
Suppose 4*s = 2*s + 142. List the prime factors of s.
71
Suppose 6*i = 4*i. Suppose i = -2*x + x + 20. List the prime factors of x.
2, 5
Let p = 18 - 14. Suppose -3*z = -p*s - 80, 3*s = -0*z + z - 30. List the prime factors of z.
2, 3
Let b be (-66)/(-8) - 4/16. Suppose 4*p - 3*w = b, 0*p + 3*w - 10 = -5*p. What are the prime factors of p?
2
Let a be 4/(-16) - 3/(-12). List the prime factors of 0 + a + (-6)/(-1).
2, 3
Suppose 2*d = -3*d + 810. List the prime factors of d.
2, 3
Let t = 0 + -3. Let v(o) = o + 7. Let f be v(t). Suppose 5*d = -3*u + f*d + 9, 5*u - 3*d = 29. List the prime factors of u.
2
List the prime factors of 2 - (-156 - (-9)/3).
5, 31
Let x(i) = 6*i + 1. Let y be x(-7). Let m = -25 - y. What are the prime factors of m?
2
Let h(c) = 2*c**2 - 1 + 4 + c - 8. Let r be 2/10 + (-84)/20. List the prime factors of h(r).
23
What are the prime factors of 3/(-4)*(-60)/5*13?
3, 13
Let k(n) = -n**2 - n + 4. Let y(d) = d - 4. Let h be y(4). List the prime factors of k(h).
2
Let n(i) = -30*i - 18. List the prime factors of n(-4).
2, 3, 17
Let t(d) = d**3 + d. Suppose -3*f = 2*f. Suppose -8 = -f*z - z + 2*i, -3*z - 2*i = 0. What are the prime factors of t(z)?
2, 5
Let a(f) = -f + 13. Let j be (-11)/2 - 16/32. What are the prime factors of a(j)?
19
Let s(c) = -3*c**3 + 5*c**2 + 3*c + 6. Let z(m) = m**3 - 3*m**2 - m - 3. Let a(y) = -2*s(y) - 5*z(y). What are the prime factors of a(-5)?
2
Let w = 39 + -37. What are the prime factors of w?
2
Let t(p) = -p - 7. Let s be t(-8). Let r = -4 + s. Let l(c) = -2*c - 1. List the prime factors of l(r).
5
Suppose -3*d = -4*c - 862 + 327, -3*d + 533 = -2*c. Suppose 0*b + d = 3*b. Suppose -b = -5*u + 6. List the prime factors of u.
13
Suppose p + k - 42 - 18 = 0, 0 = 5*p + 3*k - 308. List the prime factors of p.
2
Let j(d) = d**2 + d + 3. Let a be j(-3). Let v(w) be the first derivative of w**2/2 - 3*w - 1. What are the prime factors of v(a)?
2, 3
Suppose 2*u + 0*j + 4*j - 12 = 0, 0 = -2*u + 4*j - 20. Let r be u*2/4 + 16. Suppose -4*q + 63 = r. List the prime factors of q.
2, 3
Let p = 4 - 2. Suppose t - p*t = 3. Let z = t + 8. List the prime factors of z.
5
Let v be -3*(3 - 2)*-12. Suppose -4*s + 3*s = -v. List the prime factors of s.
2, 3
Suppose 5*p + 395 = 5*d, -5*d + 64 = -4*d + 2*p. List the prime factors of d.
2, 37
Let h(c) = c**2 + c + 7. Let m be h(0). Let n = 9 - m. What are the prime factors of n?
2
Let c = 99 - 66. Suppose 2*z = -z - c. Let l = z - -15. What are the prime factors of l?
2
Let d(l) = -2*l + 16. What are the prime factors of d(5)?
2, 3
Let n be 0 + -9 - 5/(-5). Let r(l) = -l - 5. Let f be r(n). Suppose -2*m + 28 = 2*d, -2*m + 19 - 6 = -f*d. List the prime factors of m.
11
Suppose 4*k - 3*c - 206 = 0, 144 = 3*k - 0*k + 3*c. List the prime factors of k.
2, 5
Let k = 45 + -32. Let p = 21 - k. Suppose p = -5*j + 23. List the prime factors of j.
3
Suppose 2 = z - 0. Suppose -36 = -z*a + 2*m, 5*m - 20 = m. What are the prime factors of a?
23
Let s(y) = y + 8. Let x be s(-5). Suppose -4*n - 24 = -2*o - n, -x*n = -3*o + 30. Suppose -o*b + 22 = -3*b - d, 4*d + 39 = 5*b. List the prime factors of b.
7
Let u = 9 + -3. Suppose -41 = -5*k - u. List the prime factors of k.
7
Suppose 5*b = -3*h + 12 + 1, b + 13 = 2*h. Suppose -2*z = 3*w - 2, z + z + w - h = 0. List the prime factors of z.
2
What are the prime factors of (-110)/(-4) - 2/4?
3
Let a(t) = -49*t**2 - 2*t - 2. Let y be a(-2). What are the prime factors of 14/63 - y/18?
11
Suppose 4*j = -2*t + 3*t + 993, -3*t = 4*j - 989. What